 u + 10. Let x be j(-7). Let i be ((-4)/3)/((-1)/x). Calculate the greatest common factor of i and v.
4
Let m = 98 + 32. Calculate the greatest common factor of m and 26.
26
Suppose 3*w = 2*t - 23, 4*t - 3*w - w - 48 = 0. Calculate the greatest common divisor of 13 and t.
13
Let w(d) = d + 10. Let u be w(6). Suppose b - 3*n - 43 = 20, 2*b + 3*n - 81 = 0. What is the highest common factor of b and u?
16
Let y(f) = -f**3 - 6*f**2 - 2*f + 7. Let j be y(-6). Let o = j - 3. Calculate the highest common divisor of o and 144.
16
Suppose -26 = -d - 3*q, q - 180 = -5*d - 4*q. Suppose 2*i - d = -13. What is the highest common divisor of 21 and i?
7
Let f be 0 - (-3 + 5) - -1. Let t be 1 - -1 - 4/f. What is the highest common factor of 9 and t?
3
Let m be (-1354)/(-16) + 24/64. What is the highest common factor of m and 34?
17
Let y = 65 - 33. Let i be (-330)/(-4)*y/40. What is the greatest common factor of 6 and i?
6
Suppose -52 = -7*d + 263. What is the highest common divisor of d and 5?
5
Suppose -2*g = -3 - 17. Let a = -59 + 61. Calculate the greatest common divisor of g and a.
2
Suppose 2*s = -2*f + 20, -3*s + 0*f = -2*f - 40. Let z be (-2 + (-6)/(-5))*-5. What is the highest common divisor of z and s?
4
Let c = 163 + -95. What is the highest common divisor of c and 17?
17
Let h = 20 - 8. Suppose -v + 16 = n, 0 = -n + 7*v - 2*v - 8. What is the greatest common factor of n and h?
12
Let q(h) = 15*h - 55. Let t be q(13). What is the greatest common factor of 20 and t?
20
Suppose -3*t = b - 18, -5*b + 4 - 19 = 0. Calculate the highest common divisor of 1 and t.
1
Suppose 0 = 3*y - 2*w - 10, 3*y - 5*w - 4 = -y. Suppose -y = l - 10. What is the greatest common factor of 10 and l?
2
Suppose -3*w = -4*g + 32 + 19, -5*w - 41 = -3*g. Let n be (0 + -2)/(3 + -5). Let m be 150*n*8/20. What is the highest common factor of m and g?
12
Suppose 0 = -6*d + 2*d + 72. Calculate the greatest common divisor of d and 27.
9
Let c be 1/4 - 286/(-8). Calculate the greatest common divisor of c and 288.
36
Suppose 0*d = -2*d. Suppose 4*t - 3*t - 16 = d. What is the greatest common divisor of t and 4?
4
Suppose 5*x = -w - 79 + 578, 4*x - w - 392 = 0. What is the highest common divisor of x and 11?
11
Let c be (-4)/(1/(-2) + 1). Let v be (0 - 4/2) + c. Let u be 176/6 - v/15. What is the highest common factor of 20 and u?
10
Suppose 4*r - 5 = -1. Let u = 11 + r. Calculate the highest common divisor of 4 and u.
4
Let c be (48/(-10))/(4/((-80)/3)). What is the highest common factor of 8 and c?
8
Let y be 1 + (2/(-2))/(-1). Suppose -7*c = -y*c - 10. Suppose 1 = -c*j + 21. Calculate the greatest common divisor of j and 10.
10
Suppose 69 + 33 = 3*h. What is the greatest common factor of 170 and h?
34
Suppose -4*w + 219 = -w - 3*s, 0 = -3*s - 9. Suppose t + t = w. Calculate the highest common divisor of 5 and t.
5
Let j(n) = 4*n + 10*n**2 - 2*n**3 + n**3 + 0*n**3 - 7. Suppose -8*d = -2*d - 60. Let t be j(d). Calculate the highest common factor of 3 and t.
3
Let m(s) = -3*s - 7. Let w be m(-6). Let p be (-3)/6 - 398/(-4). What is the greatest common factor of p and w?
11
Let l(g) = g + 8. Let k be l(-7). What is the highest common factor of 8 and k?
1
Suppose 5*u = -3*g + 64, -u - 1 = -0*u. Suppose 0 = -p + 71 + 182. Calculate the greatest common divisor of g and p.
23
Let v be (-11)/44 - ((-274)/8 + -1). What is the greatest common divisor of v and 14?
7
Suppose -5*r - 4 = -6*r. Calculate the greatest common divisor of r and 6.
2
Let z(a) = -a**3 - 10*a**2 - 11*a - 9. Let q be z(-9). Calculate the greatest common factor of 6 and q.
3
Let r be -1*2*(-70)/28. Suppose -3*t + 76 = j, -3*t = -t + r*j - 29. Calculate the highest common factor of 27 and t.
27
Suppose 3*l + 3*r - 113 = -l, 4*r = l - 14. Calculate the highest common divisor of 26 and l.
26
Let k be 6*(30/(-4))/(-5). Let g(o) = -o**3 - 8*o**2 - o - 7. Let q be g(-8). Let v be 1 + 5*q/1. What is the highest common factor of v and k?
3
Let v = 8 + -5. Let p = -2 + v. Let f be p/(3/6) + 11. Calculate the greatest common divisor of f and 143.
13
Let n be (-2 + 26/1)*1. Let r be ((-3 - -3) + 1)*n. Calculate the highest common divisor of r and 6.
6
Suppose -76 = -2*l + z, 3*z - 69 = -3*l + 63. Suppose 2*s = -16 - 0. Let b = 2 - s. What is the greatest common divisor of b and l?
10
Suppose -n = c + 4*c - 45, 2*c - 2*n - 6 = 0. What is the greatest common factor of 4 and c?
4
Let x(u) = -u**3 + 6*u**2 - 6 + 1 - 4*u + 2. Let z be x(5). Suppose 4*l = z*i + 404, -l - 277 = -4*l - 5*i. Calculate the highest common factor of l and 11.
11
Let i be 4/2 - (2 + -1). Let g(b) = -b + 2. Let m be g(-5). Suppose -4*y + m = -25. What is the greatest common factor of i and y?
1
Suppose k - 6 = -k. Calculate the greatest common divisor of 15 and k.
3
Let s be 27 + (-2)/4*4. Calculate the highest common divisor of s and 5.
5
Suppose -4*t + 79 = 2*c - c, -5*t + 4*c = -125. Suppose -4*l = -8, 1 = y + l - 3. Let a be y + 672/4 + -2. Calculate the highest common divisor of a and t.
21
Suppose -5*i + 440 = 5*u, 3*i - i - 176 = 5*u. Suppose 0*q + i = 2*q. Calculate the highest common factor of 22 and q.
22
Let k be (-5)/(12/(-9) + 1). Suppose -2*n - n = -k, -38 = -y - 4*n. What is the greatest common divisor of y and 3?
3
Let r(w) = 11*w**2 - 4*w + 2. Let p be r(1). Suppose 0 = 5*g + 3*s - 408, 2*s - 272 = -4*g + 54. Calculate the highest common factor of p and g.
9
Let o(r) = -r + 15 + 2*r + 0*r**2 - r**2. Let b be o(0). Calculate the highest common divisor of b and 5.
5
Suppose 178 = 3*n + 28. Calculate the greatest common factor of 75 and n.
25
Suppose -w = -23 - 72. Calculate the greatest common divisor of w and 57.
19
Let n be (48/(-18))/((-2)/(-6)). Let j(s) = s**2 + 6*s + 12. Let w be j(n). Let f be 5 - (3/(-3) - 1). Calculate the greatest common factor of f and w.
7
Let f(p) = -p**3 - 9*p**2 - p - 9. Let q be f(-9). Suppose -4*a + 87 - 19 = q. Suppose 2 - a = -g. What is the greatest common factor of g and 45?
15
Suppose 12*o = 17*o - 85. Calculate the highest common factor of 51 and o.
17
Let b be (-2)/(-2)*3 - 1. Calculate the highest common divisor of b and 18.
2
Let x = 45 - 24. What is the greatest common factor of 56 and x?
7
Let p = -13 - -22. Calculate the greatest common divisor of p and 153.
9
Suppose 5 - 17 = -3*x. Suppose -x*p - p + 35 = 0. Let c(v) = 5*v + 5. Let w be c(6). Calculate the greatest common divisor of p and w.
7
Let b = -7 - -19. What is the highest common divisor of 3 and b?
3
Let d(g) = 1 + 2 - 5 + 5*g**2 - 4*g**2. Let j be d(-4). What is the highest common factor of j and 42?
14
Suppose -5*b = -2*u - 0*u - 273, 112 = 2*b + 2*u. What is the highest common factor of 5 and b?
5
Let s = -9 + 15. Suppose 4*t = -0*t - 16. Let j be t/s + (-200)/(-12). What is the greatest common divisor of j and 112?
16
Suppose 24 = n + n + 5*m, -5*n = 4*m - 94. Let l = n - 12. Let x(r) = 29*r**2 - r. Let f be x(-1). What is the highest common factor of f and l?
10
Let c be 1*4*198/8. Suppose 0 = -2*k + 4, -5*f + k = 3 - 1. Let d = f - -11. Calculate the greatest common factor of c and d.
11
Suppose -3*y = -5*f + 192, 5*y + 23 = 3. Let x = f + -20. Suppose 0 = 5*v - 27 + 7. What is the greatest common factor of v and x?
4
Let d be (-1)/(1/3)*-39. Let a(w) be the first derivative of w**3/3 - 3*w - 3. Let g be a(-4). What is the greatest common divisor of d and g?
13
Suppose a + 2*a = -60. Let z(b) = -3*b**2 - 8*b - 3. Let v be z(-5). Let r = a - v. What is the greatest common factor of 18 and r?
18
Let j be ((-20)/6)/(2/(-36)). What is the greatest common factor of j and 150?
30
Suppose 0*r + 12 = -3*r, 3*x = -2*r + 55. Calculate the greatest common factor of x and 63.
21
Suppose -y = -2*y + 8. Let u be 6 + (-4)/2*-1. Calculate the highest common divisor of u and y.
8
Let q = 12 + -11. Let p(h) = -h + 5. Let y be p(5). Suppose b - 45 = m - q, y = m - 1. What is the highest common factor of 30 and b?
15
Suppose 0 = -5*z - a + 364, 4*z = a + 4*a + 268. What is the highest common factor of 16 and z?
8
Suppose 0 = l - 3, t - l - 1 = 4. Calculate the highest common factor of t and 4.
4
Let u(p) be the second derivative of 36*p**5/5 - p**4/12 + p**3/6 + 4*p. Let m be u(1). Calculate the highest common divisor of m and 16.
16
Suppose -5*v = -4*a - 